+ -3?
-57
In base 6, what is -3 - -1214?
1211
In base 10, what is 884 + 2?
886
In base 3, what is -11 + -1022112?
-1022200
In base 7, what is -16336 + 1?
-16335
In base 2, what is 101000 - -10?
101010
In base 5, what is -44212 + -10?
-44222
In base 8, what is -4 - -7166?
7162
In base 8, what is -514 - 3?
-517
In base 16, what is -1 - -6?
5
In base 11, what is -3 - 712?
-715
In base 9, what is -100 + -83?
-183
In base 10, what is 20 - -40?
60
In base 10, what is -47 + -24?
-71
In base 16, what is 1 + -2fa?
-2f9
In base 10, what is -196 + -1?
-197
In base 16, what is -4 + ef2?
eee
In base 3, what is 2120 + -101?
2012
In base 11, what is -1887 + -1?
-1888
In base 15, what is -8 + -635?
-63d
In base 4, what is -10 + -10010?
-10020
In base 11, what is 5 - 3?
2
In base 15, what is 12 + 96?
a8
In base 11, what is 20a + 5?
214
In base 4, what is -11 - -12?
1
In base 5, what is 3 - -1?
4
In base 8, what is 45 + -3?
42
In base 9, what is 5676 - -5?
5682
In base 12, what is -22 + -97?
-b9
In base 12, what is 1161 + -12?
114b
In base 16, what is c + 31?
3d
In base 14, what is -250 + 6?
-248
In base 3, what is 12222 + -100?
12122
In base 13, what is 7 - -258?
262
In base 16, what is -f9 + 0?
-f9
In base 14, what is -3 + -5b?
-60
In base 15, what is -5 + d1?
cb
In base 15, what is -1ee - -3?
-1eb
In base 14, what is 1 - -8b4?
8b5
In base 2, what is 1010110 + 1000?
1011110
In base 12, what is 43 - 6?
39
In base 2, what is 10010001 + 111?
10011000
In base 14, what is -5 + -1731?
-1736
In base 6, what is -13 + -113?
-130
In base 13, what is -35 - 15?
-4a
In base 4, what is 110 - 30?
20
In base 13, what is a8 + -2?
a6
In base 3, what is -121010 + -111?
-121121
In base 7, what is 1213 + -3?
1210
In base 7, what is -1351 + -1?
-1352
In base 16, what is -9a + -3?
-9d
In base 13, what is -5 - -2c?
27
In base 10, what is 14 - 8?
6
In base 9, what is -83 + 1?
-82
In base 16, what is -d - 4?
-11
In base 14, what is -b4 + 10?
-a4
In base 8, what is -13657 + 5?
-13652
In base 8, what is 5 - 61?
-54
In base 12, what is -a - -6?
-4
In base 16, what is -4 - 54?
-58
In base 15, what is -5a3 - 3?
-5a6
In base 16, what is -77 - 68?
-df
In base 13, what is -4992 + -1?
-4993
In base 13, what is 2 + 36?
38
In base 9, what is -55 + 2?
-53
In base 6, what is 1 - -10551?
10552
In base 5, what is -411 + 12?
-344
In base 11, what is -554 - 2?
-556
In base 14, what is -39 - -5?
-34
In base 4, what is 2 + 220?
222
In base 12, what is -1578 + 2?
-1576
In base 5, what is 3044 + 104?
3203
In base 15, what is 3 + -98?
-95
In base 8, what is -5 - 1300?
-1305
In base 16, what is 11d - 4?
119
In base 13, what is 744 + 5?
749
In base 16, what is 6 - -2?
8
In base 9, what is -1558 - 3?
-1562
In base 7, what is -304 - -4?
-300
In base 2, what is -11111111010 - 101?
-11111111111
In base 6, what is -5 - 200?
-205
In base 4, what is -1312020 - 1?
-1312021
In base 7, what is 131 + -1?
130
In base 14, what is -439 - -5?
-434
In base 7, what is -302 - -5?
-264
In base 7, what is 41 - 62?
-21
In base 8, what is 1 + -4704?
-4703
In base 10, what is 20 - 3?
17
In base 3, what is 12 + 1012?
1101
In base 7, what is 4 + 141?
145
In base 6, what is -20 - 5240?
-5300
In base 11, what is 84 + -66?
19
In base 5, what is 401 - 22?
324
In base 10, what is 1661 - 5?
1656
In base 12, what is 18 - -24?
40
In base 12, what is 7 - -25?
30
In base 13, what is a + 10?
1a
In base 7, what is -32 - 131?
-163
In base 14, what is 17 + -4?
13
In base 15, what is -247 - -2?
-245
In base 13, what is 11 - 550?
-53c
In base 12, what is -242 + 5?
-239
In base 10, what is 4 - 261?
-257
In base 6, what is -1032 + 0?
-1032
In base 10, what is 1392 - 1?
1391
In base 12, what is 4 - 671?
-669
In base 6, what is -11 + 1123?
1112
In base 2, what is 10 - 1001?
-111
In base 16, what is -e5 + 5?
-e0
In base 13, what is -206 + -3?
-209
In base 11, what is -24 + -3?
-27
In base 2, what is 1 - -1110111?
1111000
In base 2, what is -100110010 + 11?
-100101111
In base 8, what is -201 - -2?
-177
In base 15, what is -1 + -34?
-35
In base 11, what is -18 + 58?
40
In base 4, what is 222 - 232?
-10
In base 11, what is -8 - -117?
10a
In base 7, what is 3 - -10032?
10035
In base 16, what is 4 - 1d?
-19
In base 3, what is 11 - -20001?
20012
In base 4, what is -22222 - 11?
-22233
In base 8, what is 6 - -111?
117
In base 6, what is -331 + -1?
-332
In base 14, what is -4 - 1463?
-1467
In base 13, what is 21 - 2?
1c
In base 3, what is -12 - -2000111?
2000022
In base 6, what is 33 - 34?
-1
In base 7, what is -14 - -1563?
1546
In base 9, what is -267 - 5?
-273
In base 11, what is 53 + 4?
57
In base 10, what is -4 - -757?
753
In base 16, what is -4 + 7d?
79
In base 15, what is -2d - 22?
-50
In base 7, what is 3 + 32?
35
In base 10, what is 808 - -3?
811
In base 7, what is -20 + 255?
235
In base 13, what is 4 - 5b?
-57
In base 11, what is 614 - 1?
613
In base 5, what is 40 - 2?
33
In base 14, what is 15ac + -4?
15a8
In base 4, what is 11333 + -10?
11323
In base 9, what is -316 - 3?
-320
In base 2, what is -100 + -101000?
-101100
In base 6, what is 0 + 4522?
4522
In base 5, what is -20 + 41?
21
In base 3, what is 10 + -1122?
-1112
In base 13, what is 3b66 + -5?
3b61
In base 11, what is -5 - -38?
33
In base 16, what is 0 + -3e?
-3e
In base 4, what is 10 + -111220?
-111210
In base 3, what is 11 + -12012?
-12001
In base 8, what is -1 - -74?
73
In base 5, what is -41 - -30?
-11
In base 6, what is -4 + -3453?
-3501
In base 16, what is bef + 0?
bef
In base 10, what is 0 + -337?
-337
In base 16, what is -7 + -a0?
-a7
In base 11, what is -742 - -1?
-741
In base 10, what is 532 - 5?
527
In base 13, what is -39 + -2?
-3b
In base 14, what is 5a + -4?
56
In base 8, what is 164 - -23?
207
In base 15, what is 55 - -2?
57
In base 12, what is 11 + 180?
191
In base 16, what is -22b - -5?
-226
In base 4, what is -10013230 + -10?
-10013300
In base 4, what is 0 + -1002?
-1002
In base 11, what is 15 + 90?
a5
In base 2, what is -1110110 + 10?
-1110100
In base 3, what is 112 - -22?
211
In base 8, what is 412 - 31?
361
In base 16, what is 36 - 7?
2f
In base 7, what is 25633 - 3?
25630
In base 7, what is 2 - -103?
105
In base 5, what is 22 - 1214?
-1142
In base 11, what is a + 2aa?
309
In base 6, what is 13042 - -1?
13043
In base 12, what is -3a + a?
-30
In base 8, what is -4 + -371?
-375
In base 11, what is -6628 - 0?
-6628
In base 10, what is -9 - -70?
61
In base 10, what is 4 + -155?
-151
In base 11, what is 7 - 0?
7
In base 9, what is 5 + -1401?
-1385
In base 6, what is 43112 - 0?
43112
In base 16, what is -1c3 + -3?
-1c6
In base 7, what is -22 - 153?
-205
In base 6, what is -3 - -1344?
1341
In base 6, what is -5 - -54?
45
In base 2, what is -10 + 1100110?
1100100
In base 2, what is -11000111 + 10?
-11000101
In base 7, what is 13 - -6?
22
In base 10, what is -9 + 8?
-1
In base 9, what is -151 + 2?
-148
In base 6, what is 5 - -3113?
3122
In base 6, what is 2 + 4341?
4343
In base 13, what is -1 - 43?
-44
In base 5, what is -10 - 200?
-210
In base 15, what is 883 + 4?
887
In base 9, what is -5 - -30?
24
In base 4, what is -11 + -1131?
-1202
In base 8, what is -114 - 4?
-120
In base 11, what is 4 - 26?
-22
In base 7, what is 1 + -40?
-36
In base 14, what is 40 + -1?
3d
In base 8, what is 764 - -4?
770
In base 3, what is 0 + 10001010?
10001010
In base 11, what is -20 - -a?
-11
In base 10, what is 1625 - 4?
1621
In base 4, what is 230 - -23?
313
In base 15, what is 16 + -132?
-11b
In base 9, what is 1 + 37?
38
In base 2, what is 101 + 100101010111?
100101011100
In base 5, what is -4240 - 2?
-4242
In base 6, what is 15504 + -3?
15501
In base 12, what is -4 - 62?
-66
In base 6, what is 11 - 4?
3
In base 4, what is 1200 - 2?
1132
In base 4, what is -1031 - 3?
-1100
In base 2, what is -111110111010 + 1?
-111110111001
In base 2, what is 100 + -10100?
-10000
In base 3, what is -1 - -1121?
1120
In base 14, what is 3 + -65?
-62
In base 10, what is 0 + -2308?
-2308
In base 7, what is 1 + 32?
33
In base 3, what is -110201 - -2?
-110122
In base 7, what is 6 + 146?
155
In base 13, what is -13 + -116?
-129
In base 13, what is 31 - -8?
39
In base 14, what is 0 - -2d4?
2d4
In base 12, what is 2 + -856?
-854
In base 5, what is 3 - 4143?
-4140
In base 3, what is -10 - 1112?
-1122
In base 2, what is -1